what is 230 - -202133?
202413
In base 3, what is 1 + -2201101121?
-2201101120
In base 15, what is 0 + -1d794?
-1d794
In base 9, what is 2740 + -2?
2737
In base 2, what is 10000101011100101 + 101?
10000101011101010
In base 14, what is -bb2 - -53?
-b5d
In base 13, what is -756 - -181?
-5a5
In base 15, what is 10ba3 + 88?
10c3b
In base 7, what is 216 + -6022?
-5503
In base 7, what is 151220 - 3?
151214
In base 16, what is 3d00 + -4?
3cfc
In base 10, what is -3 - 119733?
-119736
In base 14, what is 16 + -25c9?
-25b3
In base 3, what is -1012201111 - 1?
-1012201112
In base 5, what is -1 + 113304?
113303
In base 5, what is 2 + -240240?
-240233
In base 5, what is 122231 - 1341?
120340
In base 4, what is 0 - -10231011?
10231011
In base 12, what is -3 + 143915?
143912
In base 2, what is -101011 + -111101111100?
-111110100111
In base 2, what is -11010011110111010100 + 100?
-11010011110111010000
In base 13, what is -850 - a6?
-926
In base 3, what is 2020 + -222001?
-212211
In base 7, what is 3 + -212365?
-212362
In base 11, what is 81 + -104?
-33
In base 12, what is -104 + -217?
-31b
In base 10, what is -5843 - 47?
-5890
In base 14, what is -8907 - -2?
-8905
In base 2, what is -1100011010110101 + 101?
-1100011010110000
In base 13, what is 230 - -240?
470
In base 7, what is 0 + -250512?
-250512
In base 6, what is -5 - -204235?
204230
In base 11, what is -1777 - 152?
-1919
In base 6, what is 31 - -253221?
253252
In base 2, what is 10011111001 + -11111111?
1111111010
In base 2, what is 101101011 - 1000001?
100101010
In base 16, what is -212ad + 8?
-212a5
In base 3, what is 1212201 + 1110211?
10100112
In base 4, what is -131331311 - 2?
-131331313
In base 10, what is 682658 - -5?
682663
In base 12, what is 70 + -2211?
-2161
In base 5, what is -41112 - -11004?
-30103
In base 14, what is -18 + -2687?
-26a1
In base 10, what is -8148 - 5?
-8153
In base 8, what is -13607 + 1?
-13606
In base 10, what is 3 - 9508?
-9505
In base 13, what is -216 + 56?
-190
In base 8, what is 750 - -5?
755
In base 9, what is -38 - -1502?
1453
In base 14, what is -62a9 - -6?
-62a3
In base 2, what is 11111 + 100110011010100?
100110011110011
In base 6, what is 11 - 355500?
-355445
In base 16, what is 5 - 43945?
-43940
In base 5, what is 3212 - -10311?
14023
In base 12, what is 8 + 51691?
51699
In base 2, what is -111 + -1111100000001?
-1111100001000
In base 8, what is 12 + -4540?
-4526
In base 16, what is 14ec2 - -5?
14ec7
In base 3, what is -2221102 - -101?
-2221001
In base 13, what is 227 - -14?
23b
In base 11, what is 8242 - -37?
8279
In base 6, what is -12215 - 11?
-12230
In base 15, what is -4 - -476b3?
476ae
In base 9, what is -3628 + -141?
-3770
In base 6, what is -3254 - 141?
-3435
In base 4, what is 10320 + -30201?
-13221
In base 3, what is 1222201200 - 1?
1222201122
In base 2, what is 1101001101110101101 - 0?
1101001101110101101
In base 12, what is b184 + -8?
b178
In base 2, what is 101 - 1110110000110?
-1110110000001
In base 5, what is -1041442 - -4?
-1041433
In base 13, what is c17 - -12?
c29
In base 2, what is 100010 + 111100101000?
111101001010
In base 2, what is 11111001 - 111001?
11000000
In base 13, what is -1317 - -20?
-12c7
In base 12, what is -11 - 114a20?
-114a31
In base 8, what is 52025007 + -3?
52025004
In base 5, what is -3124 - -411?
-2213
In base 16, what is -47c83 - -3?
-47c80
In base 3, what is -1 - -22212202201?
22212202200
In base 6, what is 3 + 4120?
4123
In base 16, what is -3 - 10ff0?
-10ff3
In base 11, what is -3102824 - -4?
-3102820
In base 15, what is -2e + 125e?
1230
In base 15, what is -5 + -28849?
-2884e
In base 2, what is -100001 + 10001000101?
10000100100
In base 2, what is -101110010100110 + -1?
-101110010100111
In base 6, what is 2 + -1140243?
-1140241
In base 11, what is -1389 - -10?
-1379
In base 2, what is 1011101111 + -101110101?
101111010
In base 4, what is -10203302130 + 11?
-10203302113
In base 8, what is 3 + 325635?
325640
In base 9, what is -3 - -3664?
3661
In base 7, what is -110014 + -40?
-110054
In base 8, what is -44237 + -5?
-44244
In base 11, what is -194897 + 0?
-194897
In base 9, what is 227780 - 0?
227780
In base 7, what is 4 - 4106564?
-4106560
In base 15, what is 3 + -128bda?
-128bd7
In base 9, what is 2 - -443830?
443832
In base 13, what is 9 - -b6b2?
b6bb
In base 7, what is -122 + 15316?
15164
In base 7, what is -5 - 1613646?
-1613654
In base 12, what is 47a + -204?
276
In base 3, what is -20 + -110021001?
-110021021
In base 14, what is -3099d + -1?
-309a0
In base 14, what is -3 + 2587?
2584
In base 12, what is -73 - 865?
-918
In base 7, what is -41266 + 130?
-41136
In base 14, what is -10 - 546c?
-547c
In base 8, what is -275 + 15122?
14625
In base 6, what is -5 + -352512?
-352521
In base 13, what is -1 + 18100?
180cc
In base 7, what is 4033 - 2403?
1330
In base 3, what is -2220110 - -102022?
-2111011
In base 11, what is -192 - 19?
-200
In base 16, what is -4 + -76b99?
-76b9d
In base 12, what is 2 + -7b67?
-7b65
In base 8, what is -402401 + -3?
-402404
In base 7, what is 102 + 10320?
10422
In base 8, what is 5 - 512712?
-512705
In base 11, what is -7 - a145?
-a151
In base 7, what is 350 - -30?
410
In base 9, what is -10087 + -181?
-10278
In base 12, what is -4 - 2085?
-2089
In base 15, what is 5 + -2c398?
-2c393
In base 15, what is 68bdd - -9?
68be7
In base 9, what is 2 + -567432?
-567430
In base 7, what is -2 + -2414246?
-2414251
In base 2, what is 11000 + -1000100000?
-1000001000
In base 4, what is -11 - 120211?
-120222
In base 3, what is -210210102201 + -11?
-210210102212
In base 5, what is -121003 + 100?
-120403
In base 7, what is 2 - 143130?
-143125
In base 5, what is 12 + -1244141?
-1244124
In base 13, what is 0 + 146542?
146542
In base 8, what is -3467 - 36?
-3525
In base 14, what is 10 + -4ba96?
-4ba86
In base 2, what is -11001 - -100001111001000?
100001110101111
In base 9, what is 77566 + -5?
77561
In base 2, what is -1000011101100 - 11?
-1000011101111
In base 4, what is 111 - -100323001?
100323112
In base 8, what is 7023 - 1?
7022
In base 11, what is -3 - 6a8?
-700
In base 6, what is -1145 + -234?
-1423
In base 4, what is -3023233 + 12110?
-3011123
In base 10, what is -663332 - 2?
-663334
In base 7, what is 54006245 + 3?
54006251
In base 8, what is 4 - -25157?
25163
In base 11, what is -101683 + -5?
-101688
In base 4, what is 13 - -110203032?
110203111
In base 16, what is -87a + -ba?
-934
In base 14, what is 13 + 3485?
3498
In base 10, what is 854 + -144?
710
In base 8, what is -15 + 5053?
5036
In base 14, what is 2354 + -19?
2339
In base 8, what is -1045012 + 4?
-1045006
In base 15, what is -158 - 7a2?
-90a
In base 10, what is -4 + 199497?
199493
In base 16, what is 15b + -c1a?
-abf
In base 11, what is 9323 - 8?
9316
In base 15, what is 5264e + 2?
52651
In base 8, what is -311 - 111?
-422
In base 4, what is 20313 + -1020?
13233
In base 6, what is 4342305 + -11?
4342254
In base 3, what is 120210020 + -211?
120202102
In base 3, what is 122102022 - 0?
122102022
In base 12, what is 8813 - 10?
8803
In base 9, what is -161672 + 4?
-161667
In base 6, what is 354150 + -3?
354143
In base 16, what is -3 + -380e5?
-380e8
In base 14, what is 30ab + 12?
30bd
In base 14, what is -b - 29d7?
-2a04
In base 4, what is -12011 - 101?
-12112
In base 5, what is 23 + -21122000?
-21121422
In base 10, what is 88215 - -5?
88220
In base 2, what is -101 - -101011101110001?
101011101101100
In base 13, what is 5 + 27c36b?
27c373
In base 2, what is 101 + 11110111000000?
11110111000101
In base 9, what is -1566513 - 0?
-1566513
In base 4, what is -2232200 - -10021?
-2222113
In base 9, what is 2301 + -13?
2277
In base 9, what is 5054542 + 2?
5054544
In base 2, what is 100 - -10110011111010?
10110011111110
In base 3, what is 11 - -22112111110?
22112111121
In base 4, what is 1030 - 3000313?
-2333223
In base 16, what is -1 + 58fe9?
58fe8
In base 16, what is 37 - -612?
649
In base 5, what is -11110404 - 1?
-11110410
In base 6, what is -5315 - -14?
-5301
In base 15, what is -5 - aa2a?
-aa30
In base 12, what is -2 - -6972?
6970
In base 9, what is 6474 + -302?
6172
In base 9, what is 15 - 6300?
-6274
In base 7, what is -2366041 + 3?
-2366035
In base 15, what is 9 - -14a?
154
In base 5, what is -144013141 - -4?
-144013132
In base 9, what is -1 + -35